) = 297810*w + 11614583. Determine c(-39).
-7
Let y(z) = 6*z**2 - 3347*z - 13403. Determine y(-4).
81
Let u(n) = -14*n**2 + 108*n + 1533. Give u(15).
3
Let s(f) = -2*f**3 + 109*f**2 - 124*f + 3790. Give s(54).
10
Let h(y) = 10*y**2 - 35*y + 85. What is h(9)?
580
Let z(m) = 7*m**2 - 3540*m + 176287. Give z(56).
-1
Let v(s) = -3*s**3 - 277*s**2 - 6155*s - 455. Give v(-37).
26
Let y(z) = 18048*z + 1281498. What is y(-71)?
90
Let c(f) = 46*f**2 - 383*f + 397. Determine c(1).
60
Let h(v) = -52537*v - 367786. What is h(-7)?
-27
Let l(d) = -4*d**3 + 1109*d**2 - 265*d - 3148. Determine l(277).
176
Let a(t) = 2*t**3 + 17*t**2 - 237*t - 2092. Give a(-9).
-40
Let u(g) = -191272*g + 765098. Calculate u(4).
10
Let m(h) = 502*h + 6555. Give m(-13).
29
Let c(n) = 9*n**2 + 588*n - 905. Give c(-67).
100
Let b(t) = -116*t + 4107. Calculate b(35).
47
Let c(i) = -14*i**2 - 20593*i + 41200. Determine c(2).
-42
Let q(c) = -2462*c**2 + 24630*c + 1. Give q(10).
101
Let n(b) = -67*b**2 + 1671*b + 96. What is n(25)?
-4
Let u(t) = -3*t**3 - 446*t**2 - 791*t - 8241. Determine u(-147).
-9
Let c(t) = 12*t**2 + 16*t - 368. Determine c(-10).
672
Let n(p) = 25389*p**2 + 101553*p - 13. Calculate n(-4).
-1
Let i(y) = 1772*y + 662713. What is i(-374)?
-15
Let v(y) = 4*y**3 + 211*y**2 + 161*y + 267. Calculate v(-52).
7
Let z(d) = d**3 - 31*d**2 + 77*d + 317. Determine z(17).
-2420
Let k(l) = -47813*l + 669427. Calculate k(14).
45
Let i(z) = -z**3 + 237*z**2 + 27372*z + 147. Calculate i(-85).
-23
Let g(h) = -5064*h - 86083. Give g(-17).
5
Let o(p) = 7*p**3 + 40*p**2 + 114*p - 15. Determine o(-3).
-186
Let l(f) = f**3 + 113*f**2 - 711*f - 14. Give l(-119).
-371
Let m(n) = n**3 - 114*n**2 - 38633*n - 37461. Give m(262).
5
Let a(k) = 8*k**3 - 19*k**2 - 43*k + 99. Calculate a(2).
1
Let q(o) = o**2 - 35439*o + 2193357. Calculate q(62).
-17
Let x(b) = 7*b**2 + 1950*b - 2801. Determine x(-280).
-1
Let h(v) = 2*v**3 - 89*v**2 - 550*v - 745. What is h(-2)?
-17
Let n(x) = x**3 - 1716*x**2 + 47293*x - 787. What is n(28)?
25
Let i(w) = 4*w**2 - 11127*w + 99813. Give i(9).
-6
Let k(r) = 12*r**2 + 27316*r - 82061. What is k(3)?
-5
Let m(n) = -400760*n + 2805292. Give m(7).
-28
Let b(t) = 19330*t - 80211. What is b(4)?
-2891
Let n(o) = -1525*o - 1322170. What is n(-867)?
5
Let j(t) = -31183*t + 31526014. Calculate j(1011).
1
Let v(f) = 4*f**3 + 120*f**2 + 311*f - 365. Give v(-27).
-14
Let r(f) = 17*f**2 + 1062*f - 6408. Calculate r(6).
576
Let m(t) = 84*t**2 - 772*t - 12. Determine m(7).
-1300
Let o(u) = -1501*u - 13609. Give o(-9).
-100
Let a(v) = 300780*v + 300770. Determine a(-1).
-10
Let t(n) = 3*n**2 + 1217*n + 154. What is t(0)?
154
Let b(h) = -h**3 + 3953*h**2 - 248907*h + 642. What is b(64)?
-62
Let s(t) = -1700*t - 646. Calculate s(1).
-2346
Let b(x) = 703*x - 45033. What is b(64)?
-41
Let n(w) = -160*w**2 + 12536*w + 8205. Give n(79).
-11
Let x(q) = q**2 - 729*q + 33316. Give x(50).
-634
Let y(g) = -4279*g - 51409. Calculate y(-12).
-61
Let n(b) = -1283*b - 7503. What is n(-8)?
2761
Let f(q) = q**3 + 15*q**2 - 33*q - 462. What is f(-16)?
-190
Let f(h) = -17*h**2 + 793*h + 4305. Determine f(-5).
-85
Let z(b) = -2*b**3 - 1130*b**2 - 7859*b - 26247. Determine z(-558).
-21
Let y(u) = -2*u**3 - 55*u**2 - 111*u - 2167. What is y(-27)?
101
Let l(i) = 4*i**3 - 2869*i**2 - 2157*i + 2135. Determine l(718).
-19
Let y(v) = -10*v**2 - 2796*v - 19062. Calculate y(-7).
20
Let q(x) = 322*x**3 - 374*x**2 + 14*x - 6. Calculate q(1).
-44
Let z(h) = 2*h**3 - 136*h**2 + 956*h + 208. Give z(60).
-32
Let w(o) = o**2 - 1562*o + 542359. What is w(521)?
-2
Let d(o) = 1523*o + 552912. Give d(-363).
63
Let g(c) = -5607*c - 106438. Determine g(-19).
95
Let q(a) = 2308*a**2 - 1993*a - 1992. Calculate q(-1).
2309
Let p(w) = -w**3 + 57*w**2 + 521*w + 16. What is p(-8)?
8
Let v(g) = -4806*g + 52832. What is v(11)?
-34
Let o(t) = -1514642*t + 6058570. What is o(4)?
2
Let i(r) = -55*r + 460. Determine i(-3).
625
Let m(w) = w**3 + 18*w**2 - 207*w - 1110. Determine m(-24).
402
Let g(f) = -2*f**3 + 108*f**2 - 1239*f - 26. Determine g(16).
-394
Let c(d) = -824*d**2 + 4068*d + 258. Calculate c(5).
-2
Let g(u) = u**3 + 175*u**2 - 30171*u - 331. Give g(107).
-10
Let y(r) = 544*r - 23839. What is y(44)?
97
Let j(k) = -k**3 - 5*k**2 - 351*k + 2003. Calculate j(5).
-2
Let c(t) = t**3 - 24*t**2 + 209*t - 383. Calculate c(3).
55
Let c(f) = 5*f**3 - 499*f**2 + 4209*f - 430898. Calculate c(100).
2
Let d(b) = 1908*b**2 + 7634*b + 14. Calculate d(-4).
6
Let w(n) = 58915*n + 2415510. Calculate w(-41).
-5
Let j(y) = 4*y**2 + 5525*y - 78155. Calculate j(14).
-21
Let t(y) = -13*y**2 - 3555*y + 7153. What is t(2)?
-9
Let p(t) = t**3 - 73*t**2 + 33*t - 2194. Determine p(73).
215
Let v(i) = 3*i**3 + 113*i**2 - 879*i + 555. Calculate v(6).
-3
Let h(g) = -g**3 - 37*g**2 - 21069*g - 757186. Give h(-36).
2
Let o(i) = -1082*i - 23966. What is o(-22)?
-162
Let x(o) = -2*o**3 - 9*o**2 + 588*o - 95. Give x(-21).
2110
Let d(b) = 219479*b + 219483. Calculate d(-1).
4
Let c(y) = 103*y**2 - 1208*y - 3326. Give c(14).
-50
Let g(z) = 533*z - 10636. Determine g(20).
24
Let l(z) = -2*z**3 + 46*z**2 + 55*z - 164. Calculate l(24).
4
Let j(s) = 33*s**2 - 9713*s + 22383. Give j(292).
-101
Let k(j) = 3*j**3 + 174*j**2 - 1173*j + 57. Give k(6).
-69
Let r(t) = 254*t + 19141. Give r(-61).
3647
Let v(s) = s**3 + 34*s**2 - 2400*s + 11013. Determine v(5).
-12
Let m(n) = -28*n**3 - 234*n**2 - 20*n - 4. Give m(-7).
-1726
Let v(c) = 2*c**2 - 59*c - 21510. Calculate v(-90).
0
Let h(m) = -583*m**2 - 7062*m + 25. Calculate h(-12).
817
Let k(g) = -1347*g - 78279. Give k(-58).
-153
Let c(q) = q**3 - 154*q**2 - 64*q - 14090. What is c(155)?
15
Let z(y) = y**2 - 714*y - 29490. Calculate z(753).
-123
Let i(m) = -5276*m + 39761. What is i(8)?
-2447
Let k(m) = 17509*m - 560828. Give k(32).
-540
Let o(n) = -2*n**3 - 939*n**2 + 421*n - 22914. Calculate o(-470).
116
Let y(d) = 1935*d - 35017. What is y(18)?
-187
Let j(s) = 4*s**3 + 130*s**2 - 89*s - 752. Determine j(-33).
7
Let n(h) = 4*h**3 + 512*h**2 + 19*h - 394. Calculate n(-128).
-2826
Let t(d) = -70*d + 3363. Calculate t(63).
-1047
Let n(b) = 5*b**2 + 290*b + 2989. What is n(-45)?
64
Let d(v) = -2*v**3 - 290*v**2 - 807*v - 33567. Determine d(-143).
38
Let x(z) = -z**3 + 223*z**2 + 458*z + 2. Determine x(-2).
-14
Let x(u) = 3200*u - 19166. Determine x(7).
3234
Let r(y) = 8052*y - 32299. Calculate r(4).
-91
Let r(i) = 5*i**2 - 326*i - 323. Determine r(-1).
8
Let j(s) = -21*s**2 + 3430*s + 10382. Calculate j(-3).
-97
Let x(g) = 32*g + 559. Calculate x(-25).
-241
Let k(h) = -4*h**2 - 226*h + 413. Determine k(-58).
65
Let l(r) = -r**3 + 252*r**2 - 2791*r + 703301. Calculate l(252).
-31
Let g(w) = -46*w**3 - 145*w**2 + 9*w - 4. What is g(3)?
-2524
Let g(m) = -13*m**2 + 77*m + 816. Give g(-10).
-1254
Let u(o) = 1407*o**2 + 2*o. Give u(1).
1409
Let o(s) = -s**2 - 39475*s - 118426. Determine o(-3).
-10
Let s(g) = 377*g**2 - 20025*g + 2373. Determine s(53).
41
Let h(z) = 184*z**2 + 2932*z + 51. Give h(-17).
3383
Let w(p) = 346*p + 11259. Give w(-33).
-159
Let i(b) = -4*b**2 - 7008*b + 1323688. What is i(-1924)?
-24
Let g(m) = -4*m**2 - 403*m + 3743. Calculate g(9).
-208
Let k(p) = 2004*p + 24038. What is k(-12)?
-10
Let l(g) = -252*g - 29. What is l(3)?
-785
Let q(k) = 2*k**2 + 5508*k + 158068. What is q(-29)?
18
Let b(g) = 611*g + 17882. Determine b(-29).
163
Let m(a) = 68404*a + 1983775. What is m(-29)?
59
Let v(p) = -70393*p + 2322971. Calculate v(33).
2
Let y(b) = 2*b**2 + 2417*b + 84411. Determine y(-36).
-9
Let v(s) = 10*s**2 + 638*s + 452. Determine v(-63).
-52
Let s(k) = -2*k**2 + 115*k - 309. What is s(52)?
263
Let r(i) = 33*i**2 - 7649*i - 1618. Calculate r(232).
6
Let r(m) = -2*m**2 - 131*m + 186094. Give r(274).
48
Let y(m) = 165*m - 4479. Give y(27).
-24
Let y(n) = -921*n + 40518. Calculate y(44).
-6
Let d(b) = b**2 - 23*b - 4386. What is d(-55)?
-96
Let c(f) = -f**2 - 753*f - 13348. Determine c(-18).
-118
Let q(p) = 21*p**3 + 319*p**2 - 28*p - 293. Give q(-15).
1027
Let p(y) = y**2 - 690*y - 270372. Give p(-279).
-21
Let p(l) = -95070*l - 285159. What is p(-3)?
51
Let j(u) = 7*u**3 - 89*u**2 + 149*u - 1386. What is j(12)?
-318
Let f(c) = -2*c**2 + 1255*c - 150208. Calculate f(161).
5
Let x(r) = -14*r**2 + 191*r - 609. D